usands digit of 4750420846?
4
What is the billions digit of 1086477599?
1
What is the hundred thousands digit of 277319980?
3
What is the units digit of 717804691?
1
What is the ten millions digit of 13117257?
1
What is the millions digit of 999138330?
9
What is the tens digit of 5352416881?
8
What is the units digit of 150907904?
4
What is the ten thousands digit of 264366933?
6
What is the ten millions digit of 430676529?
3
What is the millions digit of 232483492?
2
What is the hundreds digit of 747185527?
5
What is the hundred thousands digit of 35860729?
8
What is the hundred thousands digit of 3656595306?
5
What is the ten thousands digit of 3099380539?
8
What is the hundreds digit of 14744350?
3
What is the ten millions digit of 28134223?
2
What is the thousands digit of 41520331?
0
What is the ten millions digit of 22919408?
2
What is the millions digit of 173635837?
3
What is the hundred thousands digit of 139451532?
4
What is the hundred thousands digit of 23882710?
8
What is the tens digit of 9872306?
0
What is the units digit of 2292522077?
7
What is the thousands digit of 146237986?
7
What is the tens digit of 1545608279?
7
What is the units digit of 5583186838?
8
What is the millions digit of 1844292792?
4
What is the ten millions digit of 1930712717?
3
What is the ten millions digit of 540375819?
4
What is the hundred thousands digit of 228573455?
5
What is the hundred thousands digit of 108392506?
3
What is the ten thousands digit of 511612875?
1
What is the millions digit of 54557688?
4
What is the thousands digit of 497278686?
8
What is the ten thousands digit of 112539639?
3
What is the units digit of 6512945585?
5
What is the tens digit of 3309205609?
0
What is the thousands digit of 763112252?
2
What is the hundred thousands digit of 5904231611?
2
What is the ten millions digit of 6766538891?
6
What is the hundred thousands digit of 98089302?
0
What is the ten thousands digit of 57245390?
4
What is the ten thousands digit of 1459206620?
0
What is the hundreds digit of 214978264?
2
What is the hundreds digit of 286791375?
3
What is the billions digit of 4814820191?
4
What is the tens digit of 1083760657?
5
What is the thousands digit of 65312583?
2
What is the ten thousands digit of 505198142?
9
What is the hundred thousands digit of 11330324?
3
What is the thousands digit of 379048225?
8
What is the hundreds digit of 41217781?
7
What is the thousands digit of 187789984?
9
What is the hundreds digit of 832284531?
5
What is the tens digit of 29910418?
1
What is the tens digit of 940405860?
6
What is the hundred thousands digit of 13689424?
6
What is the hundred thousands digit of 79384247?
3
What is the millions digit of 3737161327?
7
What is the tens digit of 29706074?
7
What is the units digit of 1516046230?
0
What is the hundred millions digit of 2095958963?
0
What is the tens digit of 8365611574?
7
What is the tens digit of 774978743?
4
What is the ten thousands digit of 25447533?
4
What is the hundreds digit of 4772338?
3
What is the units digit of 369425096?
6
What is the ten millions digit of 57165123?
5
What is the millions digit of 164524914?
4
What is the ten thousands digit of 124980207?
8
What is the ten thousands digit of 698195379?
9
What is the hundred millions digit of 683031726?
6
What is the tens digit of 5016292436?
3
What is the millions digit of 1365073580?
5
What is the tens digit of 235055176?
7
What is the tens digit of 10872019?
1
What is the ten millions digit of 5694894872?
9
What is the ten millions digit of 1383188408?
8
What is the millions digit of 776887248?
6
What is the ten millions digit of 1696160521?
9
What is the millions digit of 1038895533?
8
What is the units digit of 194462724?
4
What is the thousands digit of 72897101?
7
What is the ten thousands digit of 5446818052?
1
What is the hundreds digit of 2873683262?
2
What is the billions digit of 3907170202?
3
What is the tens digit of 193065106?
0
What is the hundred millions digit of 498965466?
4
What is the hundreds digit of 1066758564?
5
What is the hundreds digit of 52012398?
3
What is the hundreds digit of 837890800?
8
What is the hundred millions digit of 624080365?
6
What is the millions digit of 643393369?
3
What is the millions digit of 3412171110?
2
What is the ten thousands digit of 611990670?
9
What is the ten thousands digit of 96393266?
9
What is the tens digit of 224709427?
2
What is the hundred millions digit of 6380137522?
3
What is the millions digit of 47919208?
7
What is the thousands digit of 6846220072?
0
What is the ten thousands digit of 267485718?
8
What is the ten millions digit of 721999025?
2
What is the tens digit of 78594670?
7
What is the millions digit of 24109973?
4
What is the ten millions digit of 966804787?
6
What is the tens digit of 50886742?
4
What is the thousands digit of 690587548?
7
What is the ten millions digit of 1883375930?
8
What is the thousands digit of 119231564?
1
What is the hundred thousands digit of 52313562?
3
What is the hundreds digit of 83306579?
5
What is the hundred thousands digit of 17099066?
0
What is the hundreds digit of 103080955?
9
What is the units digit of 169164967?
7
What is the tens digit of 99773682?
8
What is the thousands digit of 336661239?
1
What is the millions digit of 93767657?
3
What is the thousands digit of 1851594831?
4
What is the millions digit of 339664239?
9
What is the tens digit of 18915676?
7
What is the tens digit of 10061280?
8
What is the ten thousands digit of 2038037875?
3
What is the hundreds digit of 29518220?
2
What is the ten millions digit of 73860485?
7
What is the thousands digit of 103507061?
7
What is the hundreds digit of 254813341?
3
What is the thousands digit of 48507254?
7
What is the ten millions digit of 36002333?
3
What is the ten thousands digit of 3240951415?
5
What is the ten millions digit of 1326992187?
2
What is the units digit of 180685719?
9
What is the hundred thousands digit of 29738662?
7
What is the millions digit of 109766864?
9
What is the ten thousands digit of 71177074?
7
What is the tens digit of 210650631?
3
What is the thousands digit of 173911015?
1
What is the ten thousands digit of 272377830?
7
What is the millions digit of 1691996184?
1
What is the tens digit of 463287578?
7
What is the hundred thousands digit of 23968762?
9
What is the thousands digit of 59097358?
7
What is the thousands digit of 58919561?
9
What is the billions digit of 2528591793?
2
What is the millions digit of 202513662?
2
What is the tens digit of 38972194?
9
What is the ten millions digit of 54414284?
5
What is the tens digit of 28907258?
5
What is the billions digit of 1142280309?
1
What is the units digit of 122536473?
3
What is the hundreds digit of 58804315?
3
What is the hundreds digit of 911380332?
3
What is the tens digit of 180004?
0
What is the tens digit of 111939481?
8
What is the hundred thousands digit of 24226443?
2
What is the tens digit of 22861553?
5
What is the units digit of 1936647623?
3
What is the thousands digit of 99626453?
6
What is the millions digit of 2064321895?
4
What is the ten millions digit of 61999751?
6
What is the ten millions digit of 18159783?
1
What is the hundred thousands digit of 106461665?
4
What is the millions digit of 70665492?
0
What is the ten millions digit of 18760645?
1
What is the hundred thousands digit of 60245891?
2
What is the thousands digit of 6250113180?
3
What is the tens digit of 124572665?
6
What is the units digit of 5072738625?
5
What is the millions digit of 13738548?
3
What is the thousands digit of 36135994?
5
What is the hundred millions digit of 179369753?
1
What is the hundred thousands digit of 562625577?
6
What is the ten thousands digit of 5545660486?
6
What is the hundred millions digit of 1316999785?
3
What is the hundred thousands digit of 78054361?
0
What is the thousands digit of 329935037?
5
What is the units digit of 79242165?
5
What is the hundred thousands digit of 89555170?
5
What is the ten thousands digit of 3447033029?
3
What is the millions digit of 14902830?
4
What is the units digit of 317228881?
1
What is the ten millions digit of 19475196?
1
What is the hundreds digit of 103026377?
3
What is the hundred thousands digit of 46067012?
0
W